uppose 45 = 13*y - 8*y. Suppose -4*z - 3*j = -y, 3*z + 3*j = 6 + 3. Is x(z) a composite number?
False
Suppose -17 = -4*b - 3*a, -5*b - a + 26 = -2*a. Suppose 1104 = -4*l + 6960. Suppose -w + 289 = 4*v, -b*w - v = -0*w - l. Is w prime?
True
Let j(c) = -5*c - 66. Let v be j(-13). Is (v/12*-4)/(2/9930) composite?
True
Let h(i) be the third derivative of 47*i**6/720 + 11*i**5/120 - i**4/3 + 7*i**2. Let p(b) be the second derivative of h(b). Is p(6) prime?
True
Suppose -8*d = -3*r - 7*d + 4913, 4*d = -8. Is r composite?
False
Let j = -9 + 9. Suppose 2*i + i + 120 = j. Let y = i + 86. Is y a composite number?
True
Suppose 209 = 4*i - 3*b, -i - 2*b + 14 = -41. Suppose -u + 0*u + i = 0. Is u a prime number?
True
Is 21169 - (13 - (12 - 7)) composite?
True
Let r be (92/(-161))/((-1)/7). Suppose -1446 = 3*t - r*c - 3657, 2211 = 3*t + c. Is t a composite number?
True
Let b(w) = w**3 + 3*w**2 + 2. Let r be b(-3). Suppose r = -4*v + 38. Suppose 6*p + 267 = v*p. Is p a composite number?
False
Let v = 0 + 7. Suppose 0*a + 4*a = s - 19, 4*a + v = -3*s. Suppose -s*b = m - 31, 2*b - 61 = 5*m - 148. Is m prime?
True
Let o be -377*7 + 0 + 2. Let j be (-2)/(-4) + o/18. Let i = j - -565. Is i a prime number?
True
Suppose -5*t - y + 0*y + 3975 = 0, 3*t - 3*y = 2367. Suppose 3*p + 4*h - h = -1215, 0 = 2*p - 2*h + t. Let b = p - -567. Is b prime?
False
Let b(a) = -a**3 + 6*a**2 - 2*a + 7. Let t be b(6). Let m(p) = 11 - 2 - 543*p + 538*p. Is m(t) a composite number?
True
Suppose 0 = 4*x, 4*l - 5*x = -9*x + 147892. Is l a prime number?
True
Suppose 5*a = m - 35, -6*m + 15 = -2*m + 5*a. Let x be 68/11 + m/(-55). Suppose 3*v + x - 63 = 0. Is v a prime number?
True
Let c = -1858 - -4915. Is c a composite number?
True
Let u = -25 - -37. Let b be -2 - (-9 + u/4). Suppose 4*v - 36 = -b*l, 0 = -2*v + 6*v - 3*l - 50. Is v composite?
False
Let n(p) = 1 + 4 + 2*p - 1 + 34*p**2 + 2*p. Let f be n(-3). Suppose f = -2*r + 4*r. Is r a prime number?
True
Let f = -589 + 2826. Is f prime?
True
Is -92*((-228)/16 - -5) prime?
False
Let b = 124 + -316. Let z = 1501 - b. Is z prime?
True
Let f = 2 - 8. Is (-500)/f + 2/(-6) a prime number?
True
Let h be 3*51/18*2. Let i = 32 - h. Suppose 52 = i*m - 11*m. Is m prime?
True
Let p(k) = 59*k**2 + 11*k - 2. Let t be p(2). Let z = 1605 - 828. Let q = z - t. Is q composite?
False
Suppose -i - 5*z = 2*i - 31, -2*z + 8 = -i. Is i - (29061/(-15) + (-8)/(-20)) a composite number?
True
Suppose -2*q = -3*q + 7. Suppose -9*f + 20 = -7. Is 726/21 + f/q composite?
True
Let x be (-738)/(-12)*(-16)/(-6). Suppose -5*k - 4*l - 8 = 0, -2*l - 5 + 1 = 0. Suppose -x = -k*y - 2*y. Is y a prime number?
False
Suppose -19 = -5*q - 5*y + 2*y, -2*q = 5*y. Suppose 5*p = -q*k + 2705, -2*p - 2705 = -7*p - k. Is p a prime number?
True
Suppose 3*i + 2*c + 1432 = 572, -3*i - 855 = 3*c. Let w = 297 - i. Is w a composite number?
False
Let k be 1*(-6 - -4) + 412. Suppose -8*i - b + k = -3*i, 246 = 3*i + b. Is i a composite number?
True
Is (-18010973)/(-553) - 4/7 a prime number?
True
Let k(m) = 47*m**2 + 91*m + 107. Is k(-21) composite?
True
Let k(o) = 22*o**2 + 11*o - 10. Let b be k(8). Let a be (16 - 4)/4 + b. Suppose 3*p - a = -538. Is p a composite number?
False
Is 9/((-27)/(-140757)) + -12 composite?
True
Suppose a + 1113 = -4*j, -5*a + 2*j = -3*j + 5615. Let g = a - -2272. Is g composite?
False
Is (-5 + -1 - -717) + 2 prime?
False
Let p(s) = s**2 - 8*s + 13. Let c be p(4). Is 0*c/15 - -127 a composite number?
False
Let b(i) = -i**3 + 17*i**2 - 34*i - 13. Let c be b(15). Let m be (0 + 152)/(-1*1). Let y = c - m. Is y a composite number?
False
Let m(v) = 36*v - 3. Let o be m(2). Let a = 106 - o. Is a composite?
False
Let q(c) be the third derivative of -c**6/120 - 3*c**5/10 - 5*c**4/12 + 25*c**3/6 + c**2. Is q(-18) composite?
True
Is 2338 - (-16 - -13)*10/(-6) composite?
False
Let p(y) = -843*y - 1. Is p(-1) a prime number?
False
Suppose -520 = -2*a - 3*a. Let g = 147 - a. Suppose 0 = 3*j - 148 + g. Is j a prime number?
False
Let a = 52884 - 36437. Is a composite?
False
Let h be 2/1*10/4. Suppose -h*x + 3349 = -4*c + 546, -2240 = -4*x + 4*c. Is x prime?
True
Let n = 16 + -11. Suppose -12 = n*p + 8. Is (p/(-6))/(3/711) a composite number?
True
Suppose 599 = 5*h - 3*c - 184, -2*h + 5*c + 298 = 0. Is (14/(-21))/((-2)/h) prime?
True
Is (187383/(-28))/((-12)/16) prime?
True
Suppose 0 = -5*r, -4*u + 0*u = -3*r - 32. Let y(q) = 3*q - 18. Let s be y(u). Suppose -4*v + 1951 = 5*l, s*v + 5*l - 2440 = v. Is v a prime number?
False
Let h(c) = -33*c + 8. Let x(p) = 34*p - 7. Let k = -14 - -10. Let i(g) = k*h(g) - 3*x(g). Is i(10) a composite number?
True
Suppose -11*a = -9*a. Let r = a + 9. Let l(d) = 12*d + 1. Is l(r) prime?
True
Suppose -5*a - 65 = 4*d, 0*d + 2*d + 10 = 0. Let i(q) = -q**3 - 9*q**2 - 3*q - 12. Is i(a) composite?
True
Let r = 48572 + -32449. Is r prime?
False
Is 12678/2*1*28/12 a composite number?
True
Suppose 3*o - 4*n - 9488 = 2817, -5*o + 20513 = -2*n. Is o prime?
False
Suppose -4*j = -s - 298494, 0*j - 2*j + 2*s + 149250 = 0. Is j prime?
True
Suppose 10542 + 1579 = 23*g. Is g a composite number?
True
Is ((-54)/(-189))/(2/496559) a prime number?
True
Suppose r - b = 2931, -2*r + 0*b = 5*b - 5876. Is r prime?
False
Suppose 4*u + 4*m + 24 = 0, -9*u + 2*m - 28 = -7*u. Let v(b) = b**2 - 25*b - 13. Let j(q) = -q**2 + 12*q + 6. Let z(r) = -5*j(r) - 3*v(r). Is z(u) composite?
False
Is 2797/(4/(72/6)) prime?
False
Let n be (-9027)/36 - 1/4. Let s = 504 + n. Is s prime?
False
Let p(y) be the second derivative of -y**5/20 - y**4/3 + y**3/2 - 5*y**2/2 - 4*y. Let b be p(-5). Suppose 8*x = 5*w + 3*x - 830, 2*w = -b*x + 311. Is w prime?
True
Suppose -2*u - 3731 - 3897 = 0. Is ((-14)/(-5))/(-7) - u/10 composite?
True
Suppose 0 = -3*x + 2*g + 19559, 0 = 3*x - 6*g - 5182 - 14369. Is x composite?
False
Suppose -5*o + 17 = -2*o - d, 0 = 2*o + 5*d. Suppose 1326 = o*i + 4*c - 249, -344 = -i + 5*c. Is i prime?
False
Suppose 3*w = -2*q + 80, -12 = -3*w - 4*q + 70. Let i = -22 + w. Suppose i*o = -940 + 2936. Is o a composite number?
False
Let y(t) = -3*t**2 - 5*t - 3. Let c be y(-2). Is (-3945)/c + 1 + -3 prime?
True
Suppose -4*j + 14 + 2 = 0. Let p(u) = -51*u**3 - 7*u**2 - 16*u - 21. Let z be p(-5). Suppose z = 5*n + j*f, -1 - 3 = f. Is n a prime number?
False
Suppose -5*n + 24 = -9*n. Let i(r) be the second derivative of -4*r**3/3 - 11*r**2/2 - r. Is i(n) a prime number?
True
Suppose -71727 = -r - 2*k, -174*k - 215216 = -3*r - 173*k. Is r a prime number?
False
Is 13/((-91)/(-42)) + (-35195)/(-1) a prime number?
True
Let z(b) = b**2 + 47*b - 129. Is z(30) a prime number?
False
Suppose 0 = -376*s + 373*s + 225195. Is s a prime number?
False
Suppose 2*j + 10 = 4*a, -j - a + 6*a = 17. Suppose 2*x = 5*o - 2493, -j*x = -2*o + 954 + 52. Is o a prime number?
False
Let f be (23556/130)/((-2)/(-10)). Let a = f - 173. Is a prime?
True
Let y = 10337 + -1962. Let m be (-1)/(y/2095 + -4). Is (-10 - -11)/(1/m) prime?
True
Let v(s) = 131*s - 31. Let q be v(3). Suppose -f + 191 = -q. Is f composite?
True
Suppose 2*d = -6 + 34. Let i(p) = -p + 1. Let x(v) = 9*v + 15. Let j(b) = 4*i(b) + x(b). Is j(d) composite?
False
Let g(l) = -93*l**3 - l**2 - l. Let t(a) = -a**3 + 4*a**2 - 5*a + 1. Let m be t(2). Is g(m) composite?
True
Let p(u) = 1361*u**3 - u**2 - 13*u + 40. Is p(3) a prime number?
True
Let o = 23 - 22. Suppose o = 6*y - 11. Suppose -y*p + 4*p = 148. Is p a composite number?
True
Let i = -4 - -7. Suppose -i*u = 2*u - 10. Suppose -u*x - 305 = -3*x. Is x prime?
False
Let v(z) = 389*z - 17. Let f be v(-3). Let g = -679 - f. Is g a prime number?
False
Suppose 4*l - 2 = 2*l. Let f be l/(4/10)*2. Suppose y - 2 - 2 = -3*t, t = -f. Is y prime?
True
Let y(t) = 3*t - 26. Let f be y(10). Suppose 2*s = f*q + 112, 2*q - 53 = -s + 5*q. Is s a prime number?
False
Is (48171*6/(-18))/(5/(-5)) composite?
False
Let f(v) = v**2 + 10*v - 2. Let r be f(-8). Let c be (-81)/r - 6/4. Suppose -110 = -c*d + 517. Is d a composite number?
True
Let x(g) = 27*g**2 - 13*g - 10. Let q be x(8). Is -5*(q/(-10))/3 a prime number?
True
Let o = 5907 - -898. Is o a composite number?
True
Let c(v) = -26*v**2 + 13*v - 9. Let p(r) = r - 1. Let y(o) = c(o) - 6*p(o). Let f be y(7). Is (-2 - f)/(1 - -1) prime?
True
Let p(o) be the second deriva